(s) = -s**2 + 278*s - 16515. Determine i(192).
-3
Let r(l) = -24*l + 423. Determine r(16).
39
Let l(h) = 57*h**3 + 3*h**2 + 33*h + 31. Determine l(-1).
-56
Let l(i) = -27*i**2 + 10*i - 9. Determine l(1).
-26
Let b(s) = -5564*s - 155791. Give b(-28).
1
Let s(v) = -v**3 + 49*v**2 + 99*v + 133. Calculate s(51).
-20
Let p(j) = 14*j + 965. Determine p(-57).
167
Let y(q) = -17*q - 82. Determine y(-6).
20
Let x(n) = -5*n**2 - 320*n + 1268. Calculate x(4).
-92
Let r(w) = -6*w + 27. Calculate r(18).
-81
Let r(q) = q**3 + 2*q**2 + q + 1. Determine r(-2).
-1
Let n(l) = 2*l**3 + 20*l**2 - l + 224. Determine n(-11).
-7
Let l(j) = -36*j + 82. Determine l(2).
10
Let a(g) = 2*g + 3. Calculate a(7).
17
Let d(v) = v**3 + 2*v**2 + 44*v + 17. Calculate d(5).
412
Let l(g) = -g**3 - 20*g**2 - 39*g + 194. What is l(-17)?
-10
Let b(c) = 33*c + 795. Determine b(-25).
-30
Let u(f) = -10*f + 813. Give u(82).
-7
Let h(z) = 3*z**2 - 72*z + 71. Calculate h(1).
2
Let m(q) = q**3 + 30*q**2 - 44*q - 372. Calculate m(-31).
31
Let f(k) = -21*k**3 - 2*k**2 - 41*k - 79. Calculate f(-2).
163
Let v(q) = 16*q**2 + 8*q + 5. What is v(3)?
173
Let x(o) = o**3 + 143*o**2 + 136*o - 857. Determine x(-142).
-5
Let f(k) = 3*k**2 - 4*k - 10. Determine f(7).
109
Let z(b) = 7*b + 13. Give z(-6).
-29
Let w(z) = -1043*z + 47955. Give w(46).
-23
Let q(t) = 328*t - 3931. Give q(13).
333
Let u(r) = 51*r**2 - 28*r - 55. Calculate u(-2).
205
Let z(i) = -i**2 - 2*i + 23. What is z(-15)?
-172
Let l(x) = -5*x**3 + 718*x**2 + 291*x - 480. Determine l(144).
-48
Let n(x) = -603*x - 3126. Determine n(-5).
-111
Let s(a) = a**3 - 31*a**2 + 30*a - 24. Determine s(30).
-24
Let k(l) = -6*l - 426. What is k(10)?
-486
Let s(h) = 6*h**3 + 10*h**2 + 25*h - 13. What is s(-3)?
-160
Let j(q) = -q**3 - 12*q**2 + 6*q + 1. Give j(-12).
-71
Let i(a) = 10*a**2 - 58*a + 12. What is i(8)?
188
Let z(k) = -9*k**2 + 21*k - 17. What is z(2)?
-11
Let d(m) = m**3 - 20*m**2 - 192*m - 4. What is d(-7)?
17
Let o(i) = 122*i - 5250. Determine o(43).
-4
Let y(w) = 2*w**2 - 126*w + 1781. Calculate y(39).
-91
Let d(y) = -52*y - 284. What is d(-5)?
-24
Let h(s) = 6*s - 47. Calculate h(-5).
-77
Let k(l) = l**2 - 49*l - 18. What is k(50)?
32
Let r(w) = 6*w**2 - 212*w + 913. Give r(5).
3
Let v(b) = 11*b + 146. Determine v(-21).
-85
Let w(q) = q**3 + 20*q**2 + 81*q + 271. Determine w(-16).
-1
Let n(s) = s**3 - 19*s**2 + 18*s + 67. Determine n(18).
67
Let c(b) = -b**3 + 94*b**2 - 92*b - 64. What is c(93)?
29
Let j(z) = -z**3 + 46*z**2 + 7*z - 353. Determine j(46).
-31
Let y(w) = -5*w**2 + 36*w + 44. Calculate y(8).
12
Let s(h) = -h**3 - 55*h**2 - 66*h - 741. Give s(-54).
-93
Let a(m) = m**3 - 58*m**2 - 37*m + 2155. Calculate a(58).
9
Let b(d) = -d**3 + 39*d**2 - 235*d - 403. What is b(31)?
0
Let f(w) = 2*w**3 + 107*w**2 + 55*w + 77. What is f(-53)?
-29
Let o(d) = 26*d - 501. Calculate o(19).
-7
Let t(y) = 3*y**3 + y**2 - 22*y + 10. Give t(4).
130
Let q(l) = 65*l - 272. Determine q(3).
-77
Let y(z) = 289*z - 84. Give y(2).
494
Let u(t) = t**3 - 10*t**2 - 16*t + 45. Calculate u(11).
-10
Let v(b) = -209*b**2 - 212*b + 2. Determine v(-1).
5
Let k(c) = -58*c + 1572. Determine k(27).
6
Let o(u) = 18*u**2 + 41*u - 32. What is o(-3)?
7
Let x(j) = -j**2 + 478*j + 3397. What is x(-7)?
2
Let q(x) = -3*x**2 + 90. Calculate q(0).
90
Let l(t) = 30*t + 72. Determine l(-8).
-168
Let c(s) = 178*s - 2128. Give c(12).
8
Let x(v) = -8*v**2 + 5*v - 14. Give x(2).
-36
Let z(l) = 2*l**2 + 213*l - 2203. What is z(-116)?
1
Let w(n) = -2*n**3 - 826*n**2 - 44*n - 18177. Give w(-413).
-5
Let q(u) = u**3 + 16*u**2 - 57*u - 205. Give q(-17).
475
Let r(h) = 1044*h**2 - 3140*h - 7. Calculate r(3).
-31
Let o(m) = -7*m + 1. Calculate o(5).
-34
Let a(c) = -12*c**2 + 466*c + 59. What is a(39)?
-19
Let x(h) = 2*h**3 - 14*h**2 - 29*h - 15. Determine x(9).
48
Let g(h) = -3*h**3 - 4*h**2 + 167*h - 168. Give g(1).
-8
Let o(t) = -t**3 + 34*t**2 - 60*t - 125. Determine o(32).
3
Let o(d) = 451*d - 1355. Calculate o(3).
-2
Let w(q) = q**2 - 3*q - 434. Give w(-19).
-16
Let t(d) = 12*d**3 - 6*d**2 - 9*d - 3. Give t(-1).
-12
Let c(v) = 2*v**3 - 11*v**2 - 8. What is c(5)?
-33
Let l(c) = c**3 - 63*c**2 - 137*c - 203. Give l(65).
-658
Let z(r) = -2853*r - 5703. Determine z(-2).
3
Let q(z) = 13*z**3 + 40*z**2 - 35*z - 112. Give q(-3).
2
Let q(u) = 13*u**2 - 137*u - 39. Determine q(11).
27
Let f(s) = 18*s**3 + s + 3. Calculate f(3).
492
Let j(t) = t**3 - 43*t**2 + 386*t + 124. What is j(30)?
4
Let d(v) = -3*v**3 - 32*v**2 - 13*v + 22. Determine d(-10).
-48
Let k(f) = -14*f**2 + 1357*f + 317. Determine k(97).
220
Let a(q) = -q**2 + 55*q + 270. Calculate a(59).
34
Let u(b) = -16*b - 404. What is u(-23)?
-36
Let y(n) = -1639*n + 26235. Determine y(16).
11
Let h(o) = -o**3 + 59*o**2 - 98*o - 889. Calculate h(57).
23
Let o(b) = -8*b**2 - 7*b + 10. Calculate o(0).
10
Let w(s) = 7*s**3 + 23*s**2 - 9*s - 20. Calculate w(-4).
-64
Let n(j) = 5*j**3 + 183*j**2 - 72*j + 85. What is n(-37)?
11
Let j(i) = -1103*i - 5515. What is j(-5)?
0
Let v(f) = -3*f**3 - 199*f**2 + 133*f - 47. Give v(-67).
20
Let r(x) = -31*x**2 - 136*x - 47. Calculate r(-4).
1
Let r(q) = 6*q + 192. Calculate r(-32).
0
Let u(z) = -7*z - 528. What is u(20)?
-668
Let k(d) = -11*d**2 - 383*d - 2685. Give k(-7).
-543
Let o(j) = j**3 - j**2 + 3*j + 9. Give o(-4).
-83
Let u(d) = -d**3 + 34*d**2 - 106*d - 399. Determine u(30).
21
Let d(l) = -l**3 + 27*l**2 - 49*l - 11. Calculate d(2).
-9
Let y(h) = 81*h + 326. Give y(-4).
2
Let f(a) = -a**3 + 56*a**2 - 252*a - 23. Determine f(51).
130
Let t(n) = 132*n**2 - 28*n + 1. Determine t(-1).
161
Let r(m) = m**2 + 4*m - 83. Give r(8).
13
Let p(t) = 10226*t - 30672. What is p(3)?
6
Let c(p) = -30*p - 7. What is c(-7)?
203
Let z(u) = -403*u + 64881. What is z(161)?
-2
Let h(g) = g**3 + 25*g**2 + 110*g - 66. What is h(-19)?
10
Let h(i) = 25*i - 994. Calculate h(40).
6
Let j(c) = -c**3 + 5*c**2 + 20*c + 1. Give j(-8).
673
Let d(l) = l**3 + l**2 - 19*l + 21. Give d(5).
76
Let d(b) = b**3 + 11*b**2 + 31*b + 348. What is d(-9)?
231
Let f(o) = -3*o**2 - 60*o - 177. Determine f(-17).
-24
Let i(x) = 159*x - 9921. Calculate i(62).
-63
Let o(b) = -2*b**3 - 14*b**2 + 65*b + 459. Give o(-7).
4
Let s(a) = 310*a**2 - 80*a + 80. What is s(1)?
310
Let y(d) = 2*d**2 + 102*d + 184. Give y(-50).
84
Let i(a) = 59073*a - 59080. Give i(1).
-7
Let z(c) = -c**3 - 17*c**2 - 125*c - 241. What is z(-3)?
8
Let o(h) = -15*h**3 + 5*h**2 - 22*h + 7. Give o(2).
-137
Let o(k) = 36*k**3 + 323*k**2 - 2*k + 52. Calculate o(-9).
-11
Let n(t) = 467*t - 8876. Give n(19).
-3
Let l(p) = -18*p + 166. Calculate l(10).
-14
Let p(o) = -o**3 - 3*o**2 + 16*o + 18. What is p(-6)?
30
Let l(o) = -8*o**2 + 41*o - 49. Determine l(5).
-44
Let i(x) = x**3 + 17*x**2 + 143*x + 2437. Calculate i(-17).
6
Let v(h) = h**3 + 22*h**2 + 25*h + 514. What is v(-22)?
-36
Let k(g) = -g**2 - 251*g - 7280. Give k(-34).
98
Let n(l) = -376*l + 1504. What is n(4)?
0
Let z(p) = -86*p + 1554. Determine z(18).
6
Let u(x) = 2*x**3 + 3*x**2 - 2*x - 1. Determine u(2).
23
Let f(y) = -1219*y - 42. Give f(0).
-42
Let f(a) = -3*a + 29. Give f(1).
26
Let q(m) = -m**2 + 119*m + 73418. Calculate q(-218).
-48
Let x(z) = -432*z + 92890. Determine x(215).
10
Let f(a) = a**3 + 20*a**2 - 129*a + 1. Give f(-25).
101
Let o(b) = -62*b - 1818. Calculate o(-29).
-20
Let d(p) = -p**2 - 48*p - 174. Determine d(-4).
2
Let c(b) = -11*b - 94. Give c(11).
-215
Let y(s) = s + 98. Give y(-5).
93
Let u(v) = -v**3 + 90*v**2 - 430*v + 424. Determine u(85).
-1
Let f(t) = 3*t**2 - 88*t + 40. Determine f(29).
11
Let p(c) = -268*c - 931. What is p(0)?
-931
Let b(j) = 2*j**3 + 10*j**2 + 44*j + 373. Determine b(-6).
37
Let r(d) = -d**2 - 6*d + 31. Calculate r(4).
-9
Let h(n) = n**2 - 5530*n + 11. Give h(0).
11
Let h(a) = a**3 - 94*a**2 + 446*a - 92. Determine h(89).
-3
Let t(z) = 2*z**3 - 156*z**2 + 137*z + 1455. Calculate t(77).
146
Let k(d) = -d**3 + 8*d**2 - 13*d + 14. Calculate k(5).
24
Let v(j) = 386*j**3 - 347*j**2 + 7*j - 2. What is v(1)?
44
Let t(q) = 42*q**3 - 89*q**2 - 5*q + 3. What is t(2)?
-27
Let s(r) = 21*r - 56. Determine s(2).
-14
Let g(y) = 2*y**2 + 53*y + 15. What is g(-23)?
-146
Let b(q) = -q**3 - 117*q**2 + 139*q + 2350. Give b(-118).
-128
Let k(h) = -3*h**3 - 2*h**2 + 15*h - 6. Determine k(2).